atest common factor of t and 11.
11
Let b(o) = 2*o - 6. Let u be (32/(-12))/((-2)/6). Let a be b(u). Let d be 10/3*12/a. What is the highest common factor of d and 10?
2
Let f(d) = d - 1. Let t be f(1). Suppose 5*a - 957 + 177 = t. Calculate the highest common divisor of a and 26.
26
Let l(m) = m**2 + 13*m + 8. Let t be l(10). Calculate the greatest common factor of 34 and t.
34
Let w be (0/(-2))/((-12)/(-6)). Let l be 1 + w - -12 - -1. Calculate the greatest common divisor of l and 70.
14
Let x be 168/((-3)/(-1)) - -4. Calculate the highest common factor of 15 and x.
15
Let o(j) = 52*j + 12*j**2 - 52*j - 4 + j**3. Let k be o(-11). What is the highest common divisor of k and 13?
13
Let j = 13 - 1. Suppose -3*x - j = -7*x. What is the highest common divisor of 2 and x?
1
Suppose 0 = 3*w + 2*f - 260, w + 3*w - 3*f = 375. Suppose -d - 73 = -3*j + 32, -5*j - d + 183 = 0. What is the greatest common divisor of j and w?
18
Let i(o) = o**3 - 6*o**2 - 5*o. Suppose v - 1 = 6. Let m(t) = t**3 - 7*t**2 + t. Let h be m(v). Let p be i(h). What is the greatest common divisor of 42 and p?
14
Suppose w - 1 = 2. Suppose -3*o + 2*a = -12, w*a = -4*o + o + 12. Let d be 4/((-9)/12 + 1). What is the greatest common divisor of d and o?
4
Let i(d) = 3*d**2 + d. Let z(f) = -f**3 - 5*f**2 - 4*f - 1. Let h be z(-4). Let r be i(h). Let n = -6 + 28. Calculate the greatest common factor of n and r.
2
Suppose 4*q = -5*g + 6, 5*q - 17 = 5*g + 13. Let x be (9/(-18))/((-1)/q). Calculate the greatest common divisor of x and 1.
1
Let t(y) = 9*y - 7. Let w be t(3). Suppose 0 = r + 3*n - 226, 5*r - 671 - 435 = -3*n. Calculate the highest common factor of r and w.
20
Suppose 4*t - 60 = -5*m - t, -84 = -5*m + t. Calculate the highest common factor of 16 and m.
16
Let h(c) = -c + 36. Let x be h(13). Calculate the highest common factor of x and 115.
23
Suppose -2*b = -5*b. Suppose b = x - 8 - 2. Calculate the greatest common factor of 4 and x.
2
Let c(b) = b - 2. Let d be c(4). Suppose d*f = 22 + 2. Let k be 106/6 + 1/3. What is the highest common divisor of k and f?
6
Suppose -10 = -7*f + 5*f. Suppose -17 - 143 = f*z. Let u = -10 - z. Calculate the highest common divisor of 33 and u.
11
Suppose -2*r - x - 2*x = -152, 2*r + 5*x = 160. Calculate the greatest common factor of r and 20.
10
Suppose d = -l + 2, -3*l + 8*l - 2*d - 24 = 0. Suppose 7 + 5 = 3*b. Calculate the greatest common factor of l and b.
4
Let h(y) = -y + 15. Let l be h(6). Calculate the highest common factor of 45 and l.
9
Suppose v = 21 - 14. What is the greatest common factor of v and 56?
7
Suppose -31 = -4*g - 3*a - 166, a = -g - 35. Let b = 0 - -1. Let u be (b - 0)/((-2)/g). Calculate the greatest common factor of 105 and u.
15
Let w = -50 - -90. What is the highest common divisor of w and 60?
20
Suppose -6 + 238 = 4*w - 3*k, 2*k + 283 = 5*w. What is the highest common factor of 22 and w?
11
Let v be (-1)/(2/(-14)*1). Let p = 12 + v. Calculate the greatest common divisor of 19 and p.
19
Let b(a) = 4*a - 6. Let k be b(8). Suppose -4*g - p + k = g, -5*g + 22 = 2*p. What is the highest common divisor of g and 3?
3
Suppose 1 = -0*l + l - 4*s, -3*s = 6. Let z = l - -13. Let x be (-6)/21 + (-214)/(-14). Calculate the greatest common divisor of x and z.
3
Let x be -2*(3 - 33/6). Suppose -5*n = 4*r - 11, -n = -2*r - x*n + 4. Calculate the highest common divisor of r and 2.
2
Let d be (-257)/(-4) + (-3)/12. Suppose -4*g + d = -8. Calculate the highest common factor of g and 162.
18
Let w = 19 - 1. What is the highest common factor of 162 and w?
18
Let b = -137 - -221. What is the greatest common divisor of 21 and b?
21
Suppose -3*o + 11 = -2*o + p, 4*o - 2*p = 20. Let k(l) = -l + 14. Let t be k(o). What is the greatest common divisor of 7 and t?
7
Let f be ((-4)/2)/((-3)/12). What is the greatest common factor of 40 and f?
8
Let k = 45 + -30. Calculate the greatest common divisor of k and 15.
15
Suppose 5 = -4*w + 5*w. Let v = 0 - 0. Suppose -5*n + v*n + 5*p = -10, 2*p - 11 = -n. What is the highest common divisor of w and n?
5
Let j be ((-51)/(-12))/((-4)/(-48)). What is the highest common divisor of j and 17?
17
Suppose -3*s = -3*q - 0*q + 27, -2*s - q = 9. Let y = s - -12. Suppose -w + 8 = -1. Calculate the highest common factor of y and w.
3
Let r be 2/(-5)*1 + (-546)/(-15). Calculate the highest common divisor of 396 and r.
36
Suppose 2*v + 2*h = 0, -5*h = 36 - 11. Let k be (1/3)/(5/(-75)). Let t be 2/k + (-1239)/(-35). What is the highest common divisor of v and t?
5
Let w = 100 - 289. Let n(c) = 9*c**2 - 9*c - 2. Let o be n(-6). Let j = w + o. What is the greatest common factor of j and 17?
17
Suppose 3*i + 180 - 830 = -2*y, -y + 217 = i. Let f be (i/20)/(3/10). Calculate the highest common factor of f and 9.
9
Suppose -32 = -n - 4*d - 0*d, 0 = 4*n - 3*d - 90. Let m be 1 + 12 + (-1 - 0). Calculate the greatest common factor of m and n.
12
Let j = 135 - 28. Let v = j + -75. What is the highest common factor of 48 and v?
16
Let d(l) = -l + 1. Let j be d(-13). What is the greatest common factor of 70 and j?
14
Let u = 37 + -59. Let i be u/6 - (-2)/3. Let j(f) = f**3 + 5*f**2 + 4*f + 4. Let n be j(i). Calculate the highest common factor of 20 and n.
10
Suppose -4*y = -0*y - 4. Suppose 14 = g - 2. Suppose u + 6*d = d + g, u - 5*d - 6 = 0. What is the highest common divisor of y and u?
1
Let a be 2/2 + -5 + 40. Suppose -3*g + 6*g + 564 = 0. Let m = 278 + g. Calculate the highest common factor of m and a.
18
Let n = 8 - 11. Let w be n/((-3)/6*2). What is the greatest common divisor of 24 and w?
3
Suppose -182 - 28 = -3*u. Calculate the highest common factor of 10 and u.
10
Let z(a) = 2*a + 1. Suppose 6*u - 8*u + 8 = 0. Let s be z(u). Let t(r) = -r - 4. Let j be t(-5). Calculate the highest common factor of s and j.
1
Suppose -3*o = 3, -o + 27 = -3*f + 118. Calculate the greatest common divisor of 120 and f.
30
Let p be ((-8)/10)/((-8)/(-20)). Let n be p + 221 - (-1 - 0). Suppose 0 = 2*d - 0*d - 40. Calculate the highest common divisor of d and n.
20
Suppose 4*y = 8, 3*j + 2*y - 97 = 15. What is the greatest common factor of j and 180?
36
Let p = -2 + -3. Let n be (8 - 1)/(p/(-10)). Calculate the greatest common factor of n and 14.
14
Suppose -114 - 326 = -5*q. Suppose -q = -9*o + 5*o. What is the greatest common factor of o and 11?
11
Let c(l) = 2*l**2 + 4*l + 4. Let p be c(-3). Suppose 0 = 2*y - 0*y - 30. What is the highest common divisor of y and p?
5
Let i be -3 - (-60)/(4 + 1). Calculate the highest common divisor of i and 63.
9
Suppose 0 = 4*j - 273 + 1. What is the greatest common factor of 17 and j?
17
Let c = -23 + 47. Calculate the highest common divisor of 264 and c.
24
Suppose 0*p = -2*p + 54. Calculate the highest common divisor of 3 and p.
3
Suppose 76 = -5*d + 206. Let p = d + 2. Let a be -6 - -9 - (-5 - -1). What is the highest common factor of a and p?
7
Let w(m) = 4*m + 6. Let s be w(-6). Let h be 5/(75/(-96))*-5. Let y = s + h. What is the highest common factor of y and 35?
7
Let r = -247 + 346. Suppose d + 5*f = 2*f + r, -279 = -3*d - 3*f. Suppose 3*j - d + 1 = 2*k, 3*k = 15. Calculate the greatest common factor of j and 3.
3
Suppose 0 = 2*s - 6*s + 40. Let x(n) = -n**2 + 12*n - 10. Let a be x(s). What is the highest common divisor of 90 and a?
10
Let u(g) = -g**2 - 3*g. Let i be u(-4). Let b = -17 + 28. Let l = b + i. What is the greatest common divisor of l and 1?
1
Suppose 3*l - 7 - 23 = 0. Let u be (3 + 7)/((-1)/(-3)). What is the greatest common factor of l and u?
10
Let x(s) = -s**2 + 11*s + 7. Let t be x(11). Calculate the greatest common divisor of t and 28.
7
Let x be 2 + -1*(-10 - 1). Calculate the highest common factor of x and 13.
13
Let g be 14 - ((0 - 3) + 2). What is the highest common divisor of g and 6?
3
Let h be 1 - -14 - (-9)/(-3). Let i = -5 + 9. Calculate the highest common divisor of h and i.
4
Let j(k) = k**3 + 5*k**2 - 16*k - 2. Let h be j(-7). Calculate the greatest common divisor of h and 12.
12
Suppose -6*g + 88 = -5*g. Calculate the greatest common divisor of 22 and g.
22
Suppose -2*k + 18 = -4. Calculate the greatest common divisor of 88 and k.
11
Let j(s) = -s**3 - 2*s**2 - 4*s + 5. Let b be j(-4). Suppose 5*t = b + 37. Calculate the greatest common divisor of t and 6.